valuate -7 + (-32 + 38 - (-4 - -1)).
2
What is -4 - (-5 + -1 + -6)?
8
Evaluate -13 + 5 - (-5 + (-2 - -4)).
-5
Calculate -3 + 8 + -1 + -7.
-3
Calculate (-4 - (2 + -1)) + 0 + 2.
-3
Calculate 11 - 11 - (1 + 1) - 3.
-5
What is the value of -4 - -7 - 4 - (2 - 7)?
4
Calculate 1 + -13 - (31 - 41).
-2
What is -2 + -1 - (-4 - (8 - 4))?
5
(2 - 5 - (1 + 2)) + 4
-2
What is the value of -3 - ((-3 + 2 - 0) + -2)?
0
Calculate -2 + -5 + -1 + (70 - 69).
-7
What is the value of (-10 - -16) + -2 + -1 - -2?
5
Calculate 1 + 0 - (20 + -21).
2
What is the value of 0 - -2 - (4 - (0 + 1))?
-1
Evaluate (-3 - 2 - -4) + 0 + 1.
0
What is 10 + -3 + -11 + 7?
3
Calculate -6 + -10 + 12 - -13.
9
What is the value of 10 - -2 - (51 - 48)?
9
2 + 2 + (-1 - (3 + 0))
0
Calculate 2 + -2 + (-1 - (-6 - -6)).
-1
What is -2 + 2 + (4 - -6) + -8?
2
Calculate (0 - 0 - -2) + (-8 - -2).
-4
What is 0 + 0 - ((2 - -5) + -3)?
-4
2 + -1 + 3 + -3
1
What is the value of (3 - -3) + -3 + -5?
-2
-2 - -5 - (-39 - -47)
-5
What is the value of 1 + (-12 - (-3 + 0)) + 4?
-4
What is (-4 - (4 + -13)) + (-1 - 5)?
-1
What is the value of ((6 - 1) + 3 - 3) + -1?
4
2 - -1 - ((9 - 6) + 1)
-1
What is the value of (0 - 1 - 2) + 29 + -30?
-4
Evaluate (-7 - -4) + (-2 - -5).
0
Evaluate (24 - 20) + -7 + 0.
-3
What is -2 + 0 + (211 - 201)?
8
Calculate 2 + 7 - (-1 - -18).
-8
What is the value of -1 - (-3 + 1 + 4)?
-3
Evaluate -8 + (-9 - -3 - -9).
-5
Calculate 2 + (6 - 13) + 12.
7
4 - (-2 - (-3 + 2 + -3))
2
What is the value of -9 - (-16 - -5 - 0)?
2
17 - 24 - (-1 + -3)
-3
8 + -11 + -5 + 6 + -3
-5
What is (13 - 7) + (-5 - (1 - -5))?
-5
What is the value of -8 + (-1 + 8 + -4 - 0)?
-5
-3 - ((-1 - -4) + -3)
-3
Calculate 1 + 13 + 36 + -41.
9
What is -4 - 1 - (3 + -5 - 4)?
1
Evaluate 1 + 7 + 27 + -41.
-6
What is 4 + -2 + 2 - (-1 - -4)?
1
Evaluate -3 + -2 + -6 + 5.
-6
What is the value of (3 - 1) + (12 - 5 - 7)?
2
What is 6 + -5 + 4 + -6 + -1?
-2
What is the value of (7 - (1 + 6 + -2)) + 2?
4
Evaluate (-6 - -5 - -7) + -10.
-4
What is the value of 6 - 0 - 0 - (-286 - -286)?
6
Evaluate 7 + 2 + -29 + 18 + 10.
8
Calculate -3 - (-1 - 2 - 4) - 4.
0
-1 - (-17 - (-19 + 9))
6
Evaluate 6 - (-3 - -5) - (1 - -6).
-3
Calculate (2 - 5) + (-5 - -2) + 1.
-5
(2 + (-3 - -1) - 2) + -1
-3
What is the value of 12 + (-3 + 0 - (17 - 15))?
7
What is the value of (-13 - -11 - (-5 + 0)) + 1?
4
What is 3 + -6 + 1 + 7?
5
-5 + (7 - (13 + -6))
-5
Evaluate -1 + -1 + 0 + 3.
1
1 + (5 + -5 - 4 - -1)
-2
What is -4 + (1 - (4 - 4))?
-3
Evaluate -13 + 12 - -9 - 16.
-8
What is the value of 12 + -4 + (0 - -3) + -6?
5
What is the value of (-10 - 3 - -7) + -1?
-7
Evaluate 7 - (-15 - -8 - -17).
-3
What is (8 + 1 + -2 - 2) + -7?
-2
What is the value of -2 - (0 + -3 + 0 + 4)?
-3
5 + (-44 - -50 - (5 + 1))
5
-1 + 1 + (-8 - -10)
2
What is 3 - 0 - 7 - 0?
-4
Evaluate 2 - 6 - (0 - 1).
-3
Evaluate (-5 - 2) + 1 - -5 - -5.
4
Calculate (1 + -2 - (2 + -3)) + 1.
1
4 + (-1 - (2 + -3 - 0))
4
(0 - -1) + -8 + (11 - 9)
-5
Calculate -2 - (0 + -2 + -5).
5
-2 + 7 + -17 + 6 + -2
-8
What is 0 - -9 - (-7 - -12)?
4
What is 2 - (6 + -10 - -1)?
5
What is the value of 1 + (11 - (-8 + 15))?
5
4 - (4 + 6 - 6)
0
(-61 - -63) + (4 - 2 - -1)
5
Evaluate 9 - (1 + -4 - -8).
4
What is (96 - 104) + (0 - -7)?
-1
What is the value of 11 + (-6 - (-6 + 6))?
5
(2 - (3 - (-3 + 5))) + 3
4
(-5 - -5) + (-2 - -1) - -2
1
Evaluate 5 + 3 - 9 - -1.
0
What is the value of (-2 - (-6 + 4)) + 1?
1
Calculate -6 - (7 - 21) - 1.
7
Calculate 2 - -1 - (59 - 56).
0
What is -1 + (13 + -2 - 8)?
2
What is the value of 0 + 3 + (7 + 2 - 12)?
0
What is -4 + 0 - (-1 + -1)?
-2
-1 + 4 - (13 + -4 + -2)
-4
Evaluate 2 + (-4 - -2) + 1 + 0.
1
(-21 - -16) + -4 + 6
-3
Calculate 2 + 7 + (6 - 9 - 3).
3
What is the value of -53 + 45 - (-3 - 4 - 0)?
-1
Calculate -3 - 1 - (-16 + 26 + -6).
-8
Calculate 4 + 3 - 9 - (0 + 2).
-4
What is the value of 0 + 1 - ((-7 - -13) + -6)?
1
What is the value of -2 + (-4 - -7 - 3)?
-2
What is the value of -1 - (-7 + 9 + 2)?
-5
What is the value of (7 + 5 - -3) + -25?
-10
What is the value of (-4 - (3 - 2 - 1)) + 4?
0
Evaluate 2 + (-7 + 3 - -8) + -3.
3
What is the value of -3 + 0 + 10 - (5 + -4)?
6
What is the value of (2 - (-7 + (-3 - -5))) + -4?
3
What is the value of 0 + 3 + 1 + 0 - -1?
5
What is the value of (-11 - -6) + (-1 - -9) - 5?
-2
Calculate (-1 + 0 - 2) + (152 - 153).
-4
What is the value of 3 + -4 + (4 - 0)?
3
(-5 - -3) + -1 - -5
2
Evaluate -11 - ((7 - 11) + 7 + -8).
-6
Calculate 9 + (-1 - 2) + 24 + -26.
4
0 - 10 - (11 - (-9 + 25))
-5
Evaluate -1 + (-15 - -16) + (-4 - -8).
4
-2 + 3 + -34 + 32
-1
-5 + (0 + -4 - -13) + 0
4
Evaluate 5 - 1 - (1 - -3).
0
Evaluate 0 + -1 + 4 + (-16 - -8).
-5
What is -6 + -7 + 8 + 5?
0
What is the value of 0 + -6 - (-8 - -5)?
-3
What is the value of 11 - 17 - (5 + -3)?
-8
What is the value of -1 - (-1 + -5 + 3 + 1)?
1
-10 + -4 + 17 + -10
-7
Evaluate 8 - (18 - 2) - -14.
6
What is (-2 - (-2 - -1)) + (4 - 1)?
2
Evaluate (-4 - (-5 - -4)) + -1 + 0.
-4
(-2 + 15 - (-1 - -5)) + -4
5
-6 - (-9 - (-9 + 7))
1
Calculate 2 - (3 + (-2 - -2) - 6).
5
Calculate 0 + 2 - (-2 - -1).
3
Calculate -5 + -1 - (-29 + 18).
5
Calculate (12 - 6) + -2 + (-1 - 1).
2
Evaluate 4 - -1 - ((3 - -5) + -3).
0
(4 - -1) + -4 + 11 + -11
1
Evaluate -3 - (3 - 8) - 0.
2
What is the value of (19 - 23) + -7 + 6?
-5
What is -15 + (11 - (0 - -6) - 1)?
-11
Calculate (-2 - 12) + (70 - 62).
-6
What is 3 + (6 - (9 - 5)) - 0?
5
-8 - -14 - (10 - 11)
7
What is the value of 0 - -10 - (37 + -35) - 6?
2
Calculate -13 + 9 + 0 + 9.
5
Calculate 9 + -3 + -4 + -4.
-2
(1 - 4) + (-14 - -12) + 8
3
Evaluate 2 + -1 - 1 - -1.
1
What is the value of -8 - (-13 + (5 - -7))?
-7
Evaluate ((9 - 2) + -11 - 2) + 0.
-6
What is the value of -4 + 4 + -4 + 9?
5
1 - -2 - (-14 + 17)
0
Calculate -9 + 3 - (-2 + 2 + 1).
-7
6 + -11 + 7 - (3 + -2)
1
(-1 - (2 + 0)) + -21 + 24
0
What is -1 + (-8 - (-8 - -6)) - -2?
-5
What is 5 + -5 - (-4 + -1)?
5
-1 + 2 - (2 + (4 - 4))
-1
Evaluate 4 - ((3 - (0 - -4)) + 5).
0
(-21 - -24) + (3 - 1)
5
Calculate 114 - 106 - (4 + -1).
5
What is the value of (7 - (7 - -3)) + (1 - 3)?
-5
Calculate 0 + 1 + (-2 - -2) + -5.
-4
Evaluate -8 + 1 + (7 - 2).
-2
What is (9 - 3 - 11) + (15 - 3)?
7
What is the value of 9 + -7 + -1 - (0 - 6)?
7
What is the value of 0 + (1 - 1) + (-2 - 0)?
-2
What is the value of -6 + 9 + 6 - 4?
5
What is 4 - (-13 + 37 + -13)?
-7
What is -1 - (3 + -17 + 6)?
7
What is the value of 1 - 5 - (10 - (7 + 2))?
-5
What is 4 + (27 - 13) + -9 + 1?
10
Calculate 0 + 0 - (4 - 11 - -9).
-2
Evaluate 0 + 2 + 3 + (-6 - -2).
1
(55 - 52) + (2 - 0) + 3
8
(2 - 3) + 2 + (-4 - 0)
-3
Evaluate 3 + -1 + (0 - 1) + 3.
4
Evaluate -77 + 76 - (-9 + -2).
10
Evaluate -3 + 1 + 0 + -1 + 5.
2
What is the value of (5 + -14 - -14) + -9?
-4
What is (3 - 7 - (2 - 5)) + -1?
-2
(16 - 2) + 1 + -9
6
5 + (-1 - (4 + -1))
1
What is 0 - 2 - (-3 - -4 - 1)?
-2
-57 + 51 - (0 + 2 + 1)
-9
What is the value of -6 - -9 - (1 - -3 - -3)?
-4
What is 7 + -4 + -3 + 0 + 4?
4
82 + -68 + (-2 - (-1 - -3))
10
What is (-7 - -9) + 1 + -3?
0
-2 - -2 - ((5 - 1) + -9)
5
-11 + 6 - -2 - (0 + 0)
-3
What is 18 + -24 + 3 + -1?
-4
What is 1 - (5 + 0 - (-11 - -12))?
-3
What is the value of (1 - -1) + (5 - 3)?
4
Calculate 3 + 4 + -3 + -8.
-4
Evaluate 0 - -3 - (6 - 8 - -6).
-1
Calculate 26 + -30 + -1 + 5.
0
Calculate -3 + 4 + -6 - -3.
-2
What is the value of (-2 - -3) + -8 + 3?
-4
Calculate 4 - 7 - (-3 - -3).
-3
3 + -5 + 4 + (2 - 0)
4
9 + -2 + (3 - (2 + 3))
5
What is the value of -4 + (3 - (4 + -1) - -3)?
-1
(2 - 1) + (13 - 10) + -1
3
What is -8 + 11 - (10 - (6 + -4))?
-5
What is the value of 3 - (-6 + -2 + 3) - 5?
3
Calculate (7 + -4 - -4) + -10 + 3.
0
Calculate -2 + (3 + -4 - -5).
2
What is the value of (1 - 7) + 2 + -1?
-5
What is 4 - (5 + (13 - 21))?
7
Evaluate -6 + -2 + -6 + 5 + 3.
-6
What is -5 + 1 + 0 + 76 + -75?
-3
What is the value of 2 + (3 + 0 + 2 - 2)?
5
Calculate (10 - 1) + -27 + 22.
4
What is 7 - (-7 + 10) - (1 + -2)?
5
Calculate (6 - 0) + (2 - -1 - 20).
-11
What is the value of 15 + -6 - -3 - 4?
8
What is -2 - (-2 + 3 + -4)?
1
What is the value of -4 - (2 + -3 + -4)?
1
What is the value of (-24 - -23) + 0 + 1 + -2?
-2
What is 1 - 0 - (-5 - -1 - -6)?
-1
What is (71 - 87) + (4 - 0) - -9?
-3
Calculate -1 - (5 + (-19 - (-4 - 2))).
7
What is the value of 8 + 0 + (-10 - -6)?
4
What is -3 +